-1)/(-7). What is the greatest common divisor of j and 7?
7
Suppose -8*f + 21 = -f. Let g be 2 - (1/1 - 1). What is the highest common factor of g and f?
1
Let k(j) = j**3 - 4*j**2 - 6*j - 3. Let g be k(-5). Let c be (16/6)/((-4)/g). Calculate the highest common divisor of c and 12.
12
Let m(b) = 5*b**2 + 12*b - 1. Let q be m(-3). What is the highest common divisor of 72 and q?
8
Let z = 1 + -2. Suppose f - 40 = -u, 2*f + 5*u - 53 = 33. Let b be -1*(2 - (z + f)). Calculate the highest common factor of b and 7.
7
Let d(u) = -u**2 - 5*u + 7. Let k be 24/(-40) - 22/5. Let l be d(k). Calculate the greatest common factor of l and 1.
1
Let r(a) = -a**3 + 4*a**2 + 2*a - 7. Let u be r(3). Calculate the highest common factor of u and 32.
8
Suppose 3*y = -2*y + 1235. Suppose -2*u = s - 77, u = 3*s - u - y. Calculate the highest common divisor of s and 27.
27
Let n(a) = 2 - 2*a**2 + 5*a**2 + a**2. Suppose -6*o + 4*o + 3*b = 19, 0 = -o + 2*b - 12. Let h be n(o). What is the greatest common factor of 72 and h?
18
Suppose 0 = -2*f + 6, 0*f = -4*c + 5*f - 15. Suppose -4*g - 5*j = 30 - 103, -2*g - j + 29 = c. Calculate the greatest common factor of g and 132.
12
Suppose -a = 5*a - 120. Calculate the highest common factor of a and 30.
10
Suppose 2*z - z = 5*c - 31, -2*c = 3*z - 26. Calculate the greatest common divisor of c and 1.
1
Let p be 1496/33 - 1/3. What is the highest common divisor of 15 and p?
15
Let m(h) = 3*h**2 - 3. Let q be m(-3). What is the greatest common factor of 60 and q?
12
Let d(b) = 1 + 2*b + 0 + 1. Let r be d(2). Suppose 2*t - r*t = -132. What is the highest common factor of 22 and t?
11
Let o be 48/9 + 6/9. What is the greatest common divisor of o and 66?
6
Let d = 17 + -12. Let g(q) = -d - q + 1 - 2 + 2. Let b be g(-6). What is the highest common divisor of b and 10?
2
Suppose 7*t - 90 = -3*t. What is the greatest common divisor of 18 and t?
9
Suppose 3*l - 40 = -4. Calculate the highest common factor of 3 and l.
3
Suppose -2*i + 37 = -35. Suppose -59 - i = b. Let g = b + 176. What is the greatest common divisor of g and 9?
9
Let f = -18 - -38. Let h be 5/((-15)/(-6)) - -3. Let j(r) = -r**3 + 5*r**2 + 7*r - 5. Let u be j(h). Calculate the greatest common factor of f and u.
10
Let i be 2/6 + (1 - (-148)/6). What is the highest common divisor of i and 234?
26
Suppose -318 = 4*d - 810. Calculate the highest common factor of d and 41.
41
Suppose h + 14 = 69. What is the highest common divisor of 11 and h?
11
Let k(v) = 90*v**2. Let f be k(-1). Let n be ((-1)/(-3))/((-5)/(-45)). Let m be (-10)/3*n*-1. What is the greatest common factor of f and m?
10
Suppose 0 = 2*a + 3*w - 201, 3*w - w = -4*a + 398. Suppose 2*p = -4*g + 52, -3*g + 4*p = 3*p - 29. Calculate the greatest common divisor of g and a.
11
Suppose z = 2*g - 3, 2*z + 7 - 1 = -g. Let b = 17 - z. What is the highest common divisor of 40 and b?
20
Suppose 2*x = -4*u + 68, -4*x + x + u + 130 = 0. What is the greatest common factor of 14 and x?
14
Suppose -5*u = -162 + 52. Suppose -4 = -2*p + u. What is the greatest common factor of p and 117?
13
Suppose 41*y = 45*y - 168. Calculate the highest common factor of y and 28.
14
Let h(i) = i**3 - i**2. Let f(a) = 4*a**3 - 5*a**2 - 13. Let n(r) = -f(r) + 5*h(r). Let j be n(0). What is the greatest common divisor of 26 and j?
13
Let r be (0 - 19)*(4 - 5). Suppose -h - 3*p = -0*h - r, 4*h - 5*p - 8 = 0. Calculate the highest common factor of h and 49.
7
Let s(j) = j**3 - j + 34. Let o = -14 - -14. Let f be s(o). Calculate the highest common divisor of f and 17.
17
Let n(d) = -6*d + 4. Let r be n(-4). Suppose y = -y + r. Suppose -5*h = -3*h - 28. Calculate the greatest common divisor of h and y.
14
Suppose 3*n - 116 = 40. Calculate the greatest common factor of n and 26.
26
Let q(v) = v**2 + 9*v - 1. Let r be q(-9). Let m = r + 23. What is the highest common divisor of m and 88?
22
Suppose 0 = -2*z + 9 + 1. What is the highest common divisor of 1 and z?
1
Let m be -30*(32/20 - 2). What is the greatest common factor of m and 60?
12
Suppose 3*f - 5 = 25. Suppose 7 = 2*t - 3. Calculate the highest common factor of f and t.
5
Let h(o) = 35*o. Let n be h(5). Let f = -70 + n. Calculate the greatest common factor of f and 15.
15
Let k = 47 - -173. Calculate the greatest common factor of k and 20.
20
Let j(y) = -y**3 - 7*y**2 - 3*y - 5. Let h be j(-7). Let q(k) = -k**2 - 10*k - 5. Let m be q(-7). Calculate the greatest common factor of m and h.
16
Suppose -z + 3*m + 44 = 0, 0*z - 59 = -z - 2*m. Let s = z - 29. Let k be (-92)/(-8) - 2/(-4). Calculate the greatest common divisor of s and k.
12
Let f(x) = 9*x**2 - 61*x - 8. Let h be f(7). Suppose -2*j = -0*j - 220. Let o = j + -62. What is the greatest common factor of o and h?
6
Suppose -q + 81 = -0*q. Calculate the greatest common divisor of q and 9.
9
Let w = -6 + 28. Let k be -4*((-5)/2 + 2). Suppose w = -k*p + 3*p. Calculate the greatest common factor of p and 2.
2
Let w = -36 - -106. Let g(f) = f**3 - 12*f**2 - 13*f + 10. Let t = 7 - -6. Let u be g(t). What is the greatest common factor of u and w?
10
Let f = 8 + -6. Suppose -s + 79 + 22 = -5*q, -s + 1 = 0. Let c be (-436)/q + 1/5. What is the highest common divisor of f and c?
2
Let a(i) = 3*i - 33. Let x be a(13). What is the highest common factor of 2 and x?
2
Let y = 73 - 8. Calculate the greatest common divisor of y and 26.
13
Let l(k) = 5*k. Let p be l(4). What is the greatest common divisor of p and 50?
10
Let w = -22 + 32. Let x be 3/15 - 18/(-10). What is the greatest common factor of x and w?
2
Suppose -3*i + 2 = -4*a, -4*a = -2*i + 4*i + 12. Let y(d) = d**2. Let v be y(i). What is the highest common divisor of 20 and v?
4
Let f(a) = -a**3 - 1 - 2*a**2 - 4*a + 6 + 3*a - 1. Let k be f(-3). What is the greatest common factor of k and 8?
8
Suppose 3*f = -v + 176, 24 = -3*f - 3*v + 192. Calculate the highest common divisor of f and 90.
30
Suppose -2*b = -28 - 148. Let d = -20 + b. Calculate the greatest common factor of 17 and d.
17
Let r(i) = i**3 - 3*i**2 + 2*i. Let b be r(3). What is the highest common divisor of 3 and b?
3
Suppose -71 = -5*w + 3*q, -75 = -5*w + 4*q + q. Suppose 2*p = 2*o - 36, 0 = 2*o + p - 24 + 3. What is the greatest common factor of w and o?
13
Let t be 5*(15/(-25) + 1). Calculate the greatest common divisor of 22 and t.
2
Let y(k) = -k**3 + 12*k**2 + k + 8. Let q be y(12). Let j = 31 + 29. Calculate the highest common divisor of j and q.
20
Let w(f) = -f - 2. Let l be w(-2). Let j = 4 - l. Calculate the highest common factor of j and 16.
4
Let m(t) = t**2 + 3*t - 1. Let z be m(-4). Let f(l) = -l**2 + 5*l. Let v be f(4). Suppose -r + v = -5. What is the greatest common divisor of r and z?
3
Suppose 5*d - 2*y + 6 = 0, 3*d = 4*d - y. Let o be (-142)/(-4) + d/4. Calculate the highest common divisor of 14 and o.
7
Let r be 0 - (-2)/(0 + -1). Suppose 2*c = -2*t + 8, -2*c + 6*c - 24 = 4*t. Let s be t/((-5)/2 - r). What is the greatest common factor of s and 5?
1
Suppose 0 = -5*j + 21 + 9. What is the greatest common factor of j and 42?
6
Let z(o) = -4*o + 9. Let a be z(-6). Calculate the highest common factor of 297 and a.
33
Let j = 14 - 0. Let y = j + -10. Let c be (-1 - y)/(6/(-6)). What is the greatest common factor of 5 and c?
5
Suppose -2*q = 4 - 114. Let f = -39 - -61. Calculate the greatest common divisor of q and f.
11
Let i = 10 + -15. Let s be (-50)/15*42/i. Let g(t) = 3*t**2 - 5. Let c be g(5). Calculate the greatest common divisor of s and c.
14
Suppose y - 7 = -0. Calculate the highest common factor of y and 14.
7
Let n(g) = 27*g + 1. Let x be n(-2). Let y = -33 - x. What is the highest common factor of y and 100?
20
Suppose -b = -4*c + 23, 5*c - b + 3*b = 32. Let g be (-3 - 1*-2) + 3. Suppose 0 = -g*x + x + 54. What is the highest common divisor of c and x?
6
Suppose 0 = 3*d - 0*i - 2*i - 24, 2*d - 3*i - 11 = 0. Calculate the highest common factor of d and 110.
10
Suppose 3*j - 15 = -v, 0 = 5*v - 5*j + 3*j + 10. Suppose v = -8*n + 5*n + 336. What is the greatest common divisor of 16 and n?
16
Suppose 47 = 2*l + 3. Let w = -4 + 59. Let s be w + 0*(-1)/(-3). Calculate the greatest common divisor of s and l.
11
Suppose -2*z + 4*n + 36 = 0, 4*z = 3*n + 15 + 52. Calculate the greatest common divisor of 2 and z.